 1028 (base 9) to base 16.
2f3
What is 12033203 (base 4) in base 9?
38062
What is -24c0 (base 16) in base 14?
-3600
What is 3320 (base 8) in base 4?
123100
3335 (base 9) to base 10
2462
What is -909 (base 11) in base 10?
-1098
What is 1111010000000 (base 2) in base 6?
100052
-6640 (base 10) to base 11
-4a97
2430 (base 5) to base 3
111112
-1000001111101100 (base 2) to base 3
-1201022211
Convert -10121133 (base 4) to base 6.
-215223
What is 33003 (base 4) in base 10?
963
What is 5ad (base 14) in base 10?
1133
Convert -4987 (base 14) to base 5.
-402414
Convert -c47 (base 13) to base 9.
-2768
What is 35 (base 12) in base 2?
101001
3667 (base 9) to base 7
10654
1061b (base 12) to base 15
6618
Convert 142637 (base 8) to base 13.
1a048
2b6 (base 12) to base 2
110101010
What is 51e (base 15) in base 4?
102002
Convert -1955 (base 13) to base 6.
-25312
-11010021 (base 3) to base 2
-101110111100
What is -2610 (base 15) in base 3?
-102010120
What is 1001101101000111 (base 2) in base 3?
2000112021
Convert -2264 (base 12) to base 16.
-eec
2123 (base 5) to base 10
288
47860 (base 9) to base 4
13310301
8471 (base 9) to base 4
1201030
3313 (base 4) to base 15
117
Convert -220c (base 15) to base 11.
-5467
What is 1010101010001 (base 2) in base 8?
12521
Convert 220012 (base 4) to base 6.
15514
c179 (base 13) to base 5
1323013
5200 (base 8) to base 14
da0
Convert -eb75 (base 15) to base 16.
-c2ab
-215125 (base 6) to base 10
-17981
Convert -11001110110110 (base 2) to base 5.
-410423
What is aa1d (base 14) in base 12?
15043
What is 1654 (base 15) in base 6?
34124
2568 (base 9) to base 4
132011
What is -2441 (base 6) in base 11?
-4a7
Convert -45a (base 13) to base 10.
-751
Convert -2004 (base 10) to base 14.
-a32
4010 (base 5) to base 2
111111001
What is 4b5 (base 16) in base 12?
845
-22994 (base 10) to base 4
-11213102
What is 1ca (base 14) in base 10?
374
Convert 41015 (base 7) to base 3.
111122212
What is 2240 (base 5) in base 13?
1b8
-240 (base 16) to base 4
-21000
What is -24184 (base 11) in base 3?
-1202202121
Convert 27c (base 13) to base 9.
540
What is 254 (base 9) in base 11?
182
What is -9123 (base 12) in base 3?
-210120100
What is -819d (base 14) in base 3?
-1010120110
-9c3 (base 14) to base 4
-132033
2140434 (base 5) to base 14
d6a6
182c (base 14) to base 8
10400
What is -120022022 (base 3) in base 14?
-40d1
What is -18d7 (base 15) in base 3?
-21101011
What is -154041 (base 6) in base 10?
-15145
Convert -353 (base 7) to base 2.
-10111001
Convert 60 (base 14) to base 12.
70
Convert -368 (base 11) to base 12.
-305
What is -1080 (base 12) in base 5?
-24244
What is 1a72 (base 13) in base 14?
1644
-10385 (base 13) to base 3
-1111000122
What is -964 (base 11) in base 2?
-10010000111
What is 306 (base 10) in base 12?
216
Convert -6402 (base 12) to base 7.
-43625
1558 (base 14) to base 7
14041
Convert 233111 (base 5) to base 13.
3b63
What is -114c (base 15) in base 12?
-2160
What is 304132 (base 7) in base 9?
78127
-229 (base 15) to base 13
-2b8
Convert 2062 (base 7) to base 14.
3a2
911 (base 16) to base 12
1415
What is -411241 (base 6) in base 12?
-16b21
10a (base 12) to base 13
bb
Convert -228 (base 10) to base 11.
-198
What is 7258 (base 10) in base 4?
1301122
2211201 (base 4) to base 15
3213
What is 155 (base 6) in base 3?
2122
What is -e0 (base 16) in base 2?
-11100000
-3ba (base 14) to base 3
-1000212
Convert 21300 (base 4) to base 16.
270
What is -10001110001100 (base 2) in base 3?
-110111001
Convert 2be (base 15) to base 6.
2525
Convert -116 (base 8) to base 4.
-1032
-3323 (base 5) to base 8
-717
What is -3a3 (base 16) in base 14?
-4a7
What is -322011 (base 4) in base 3?
-12002200
-12011 (base 5) to base 12
-615
-826 (base 15) to base 12
-1090
61b3 (base 14) to base 6
205505
1143342 (base 5) to base 10
21722
3140 (base 8) to base 15
73c
What is 3326a (base 11) in base 4?
23301222
Convert -2d7 (base 15) to base 2.
-1010001100
4344 (base 5) to base 11
4a5
Convert -49a9 (base 15) to base 11.
-10869
What is 3239 (base 13) in base 4?
1231001
522 (base 9) to base 15
1d5
What is 10110111100 (base 2) in base 14?
76c
Convert 24d (base 15) to base 9.
641
526 (base 13) to base 9
1174
What is 3544 (base 10) in base 8?
6730
Convert -4410 (base 5) to base 10.
-605
-11011001100 (base 2) to base 16
-6cc
-3042 (base 13) to base 7
-25242
Convert 172 (base 10) to base 5.
1142
Convert -1e45 (base 16) to base 12.
-4599
What is -23132 (base 5) in base 4?
-122003
Convert 70a4 (base 15) to base 6.
302031
What is -1123 (base 10) in base 3?
-1112121
Convert -61 (base 8) to base 7.
-100
What is 3104 (base 8) in base 16?
644
5056 (base 12) to base 6
104150
-1097 (base 11) to base 4
-112131
2212200021 (base 3) to base 7
324043
What is 2455 (base 8) in base 13?
7ac
What is -1c8 (base 14) in base 12?
-270
Convert 72b (base 16) to base 9.
2458
222222 (base 6) to base 16
48e6
What is -2122122 (base 3) in base 14?
-9c2
What is 2919 (base 12) in base 9?
6483
What is 110011100111111 (base 2) in base 16?
673f
Convert 407 (base 11) to base 2.
111101011
6369 (base 15) to base 12
10200
What is -22121 (base 4) in base 10?
-665
Convert -a607 (base 11) to base 16.
-36db
Convert -37 (base 9) to base 16.
-22
Convert -410 (base 6) to base 13.
-b7
1093 (base 13) to base 4
210031
What is -6022 (base 8) in base 9?
-4213
What is -6a09 (base 12) in base 13?
-54c0
Convert 1130022 (base 4) to base 12.
34b6
-2765 (base 16) to base 8
-23545
What is -102033 (base 4) in base 10?
-1167
Convert 11001011111 (base 2) to base 11.
1253
21302 (base 5) to base 15
66c
5f53 (base 16) to base 13
b152
Convert -1001001100 (base 2) to base 7.
-1500
Convert 27274 (base 9) to base 10.
18454
-5846 (base 13) to base 9
-18002
-3afd (base 16) to base 7
-62012
What is 23012301 (base 4) in base 11?
311a4
Convert -8875 (base 9) to base 13.
-2c99
Convert 614 (base 15) to base 11.
1035
10012 (base 3) to base 2
1010110
Convert -122240 (base 5) to base 9.
-6386
172 (base 9) to base 8
222
What is -14920 (base 10) in base 6?
-153024
-2243 (base 6) to base 13
-31b
3352 (base 14) to base 10
8892
What is d8 (base 14) in base 11?
163
Convert -172b (base 14) to base 10.
-4155
Convert -55776 (base 8) to base 12.
-11766
What is 1205 (base 6) in base 8?
445
What is -22c (base 14) in base 9?
-530
Convert 14624 (base 10) to base 5.
431444
Convert -2392c (base 14) to base 3.
-11102011100
-4032 (base 7) to base 5
-21040
Convert 2073 (base 8) to base 15.
4c3
2202120 (base 3) to base 9
2676
Convert -1211212 (base 3) to base 11.
-1014
21103302 (base 4) to base 5
2210010
What is 30210 (base 4) in base 9?
1083
What is 623 (base 10) in base 8?
1157
-243315 (base 6) to base 3
-1002111102
-2040232 (base 5) to base 6
-420321
1022 (base 8) to base 7
1355
What is 425 (base 11) in base 7?
1330
Convert -121221 (base 6) to base 3.
-112122011
Convert 45 (base 11) to base 9.
54
What is -3179 (base 12) in base 4?
-1110231
2d08 (base 16) to base 10
11528
What is 10021110 (base 3) in base 14?
c28
-2401 (base 8) to base 14
-677
-1110111110011 (base 2) to base 14
-2b19
11000001011 (base 2) to base 14
7c7
What is 21123 (base 5) in base 12?
999
Convert -10111001110 (base 2) to base 8.
-2716
Convert -1249 (base 11) to base 14.
-842
222243 (base 5) to base 2
1111010001111
What is 401 (base 8) in base 13?
16a
What is -5636 (base 9) in base 3?
-12201020
Convert cb9 (base 15) to base 6.
21150
Convert -2ab0 (base 14) to base 15.
-23bc
Convert -1784 (base 12) to base 5.
-42321
What is 6256 (base 15) in base 3?
1001111200
Convert -14486 (base 14) to base 3.
-2112222202
Convert 390 (base 13) to base 5.
4444
What is 33 (base 16) in base 6?
123
-1505 (base 6) to base 8
-621
-11111100100 (base 2) to base 11
-1577
Convert 24063 (base 8) to base 15.
30b1
Convert -18616 (base 9) to base 10.
-12894
113331 (base 4) to base 2
10111111101
Convert 224d9 (base 14) to base 13.
2bbb4
-1120222 (base 3) to base 5
-14120
What is -25010 (base 6) in base 12?
-2166
Convert -12330 (base 10) to base 14.
-46ca
Convert -64001 (base 7) to base 9.
-23572
Convert -8a6 (base 16) to base 13.
-1014
-5a4b (base 13) to base 14
-48dc
What is -5406 (base 10) in base 6?
-41010
147 (base 15) to base 12
204
Convert 1313 (base 7) to base 2.
111110100
29 (base 12) to base 14
25
-204110 (base 5) to base 4
-1221330
-